on factor of 5 and n?
5
Let i(b) = -7*b - 9. Let m be i(-3). What is the highest common divisor of m and 60?
12
Let y be (-4)/12*-3 + 160. Calculate the greatest common factor of y and 23.
23
Suppose o + 12 = 5*o - n, 0 = 4*n. Suppose o*j = 3 + 15. Let k be -1*2*(-45)/6. Calculate the highest common divisor of j and k.
3
Suppose 7*y = -w + 4*y + 10, 0 = -w - y + 4. Suppose 3*g - 5*o = -0*g + 42, -3*g = o - 24. Calculate the highest common factor of g and w.
1
Let r(p) be the first derivative of -3*p**2/2 - 9*p - 6. Let u be r(-6). What is the greatest common divisor of 36 and u?
9
Let z be 6/9 - 116/(-6). Calculate the greatest common factor of z and 30.
10
Let t(q) = q**2 + 3*q - 18. Let s be t(-9). Calculate the highest common divisor of s and 24.
12
Suppose 5*v - 20 = 0, 0*c = 4*c - v - 1136. Calculate the greatest common divisor of c and 19.
19
Let w be (81/15 + -5)/((-2)/(-30)). Calculate the highest common factor of 15 and w.
3
Suppose -5*d + 5*w = 35, 2*w - 10 = -0*w. Let g be (-1 - 12) + 4 + d. Let j = g - -24. What is the highest common divisor of j and 104?
13
Suppose -a + 229 - 154 = 0. Calculate the greatest common factor of 30 and a.
15
Suppose -4*q = -q - 6. Suppose -i - q*k = -4, -2*i + 0*i + 2*k + 8 = 0. Let u be ((-3)/i)/((-1)/12). What is the highest common divisor of 63 and u?
9
Suppose 12*y - 4*y = 160. Calculate the greatest common divisor of y and 20.
20
Suppose -3*r + x + 69 = -15, -3*x = 0. Suppose 3*a - 30 = 3*c, 5*c + 2 + 6 = -a. Calculate the greatest common divisor of r and a.
7
Suppose g - 2*g = -8. Let u(z) = 8*z - 9. Let i be u(g). What is the greatest common factor of 5 and i?
5
Let x(l) = -20*l**3 + 2*l**2 + 2*l + 1. Let d = 4 + -5. Let o be x(d). Let g = -2 + 5. Calculate the highest common factor of g and o.
3
Let o be 7/((-5)/(-4 - 1)). What is the highest common factor of o and 28?
7
Let c be (4 + -2)*(-5)/(-2). Let i be 4/10 + 248/c. Calculate the greatest common factor of 10 and i.
10
Suppose y + 8*k - 3*k = 75, 3*y + 4*k = 214. Suppose 2*q = -3*g - 7, g - 10 = 4*q - 3. Let p = 12 + q. What is the greatest common divisor of p and y?
10
Suppose -3*n + n = 3*h - 12, 0 = n - 5*h - 6. Calculate the highest common divisor of n and 27.
3
Let x(u) = 2*u**3 + 70. Let r be x(0). What is the highest common factor of 10 and r?
10
Let q = 47 - 14. Calculate the highest common divisor of 231 and q.
33
Suppose 7 = 2*v + 5*m - 11, 0 = -3*m + 6. Let d(p) = -p**2 + 7*p - 5. Let b be d(4). Suppose b*n = v*n + 45. What is the highest common divisor of n and 135?
15
Let x be 78/3 + 0 + 0/(-2). Calculate the highest common factor of x and 208.
26
Let f = 19 - 12. Let b = f + 9. What is the highest common divisor of 40 and b?
8
Let a be (-79)/5 - 3/15. Let s = 22 + a. Calculate the highest common divisor of 54 and s.
6
Let w = -5 + 0. Let r be (8*-2)/(-7 - w). Calculate the greatest common factor of 24 and r.
8
Let h = 24 - -35. Let b = h - 19. Calculate the greatest common divisor of 5 and b.
5
Let b be (22 - 15)/((-2)/(-2)). Let n(h) = 21*h. Let q be n(3). Calculate the greatest common divisor of q and b.
7
Let r(y) = 14*y. Let w be r(3). What is the highest common divisor of 7 and w?
7
Suppose 0*x - 28 = -4*j - x, -2*j = 4*x. Let p = -32 + 88. Calculate the highest common factor of j and p.
8
Suppose -1 = -5*h - 0*h - m, -2*m = -2. Suppose 345 = 5*k + 4*v, h*v + 200 = 3*k + v. Let b be 106/4 - 2/4. What is the highest common factor of b and k?
13
Suppose 2*j = 12 + 18. Calculate the greatest common factor of j and 120.
15
Let a be (4 + (2 - 5))*-10. Let y be (48/a)/((-6)/40). Suppose 28 = 3*u - y. What is the highest common factor of u and 50?
10
Let d(b) = b**3 + 5*b**2 - 4*b - 4. Let z be d(-6). Let y = z + 9. Let f(q) = q**2 - 1. Let t be f(y). Calculate the highest common factor of t and 16.
16
Let u = 64 + 21. Suppose -5*n - 4*z + 155 = 0, 2*n - u = 5*z + 10. Calculate the greatest common factor of n and 7.
7
Let q(j) = -3*j**2 - 53*j - 15. Let w be q(-17). What is the greatest common divisor of w and 57?
19
Suppose -5*k + 198 = 2*g - g, -5*g - k + 918 = 0. Suppose -g - 17 = -5*j. Calculate the greatest common factor of j and 4.
4
Let l = -38 + 189. Suppose -2*y + 57 = -l. Suppose -5 = 5*m - 70. What is the greatest common divisor of y and m?
13
Suppose 0*j = w + 2*j - 15, 0 = 3*w - 4*j - 55. What is the highest common factor of w and 153?
17
Let a(f) = 5*f**2 + 5*f + 8. Let z be a(-4). Let d be 2/(-4)*1*-34. Calculate the highest common factor of z and d.
17
Let z be (12/(-5))/(3/(-20)). Calculate the highest common factor of 8 and z.
8
Let n = 80 + -46. What is the greatest common divisor of 17 and n?
17
Let n be (0 + 1 + 0)*3. Let d(a) = -3*a - 7. Let w be d(-6). Suppose -5*i + 27 = 5*t - 23, 2*t - w = -i. Calculate the highest common divisor of n and i.
3
Let c be (-67)/(-5) + 3/5. What is the highest common factor of 35 and c?
7
Let f(i) = -295*i. Let y be f(-1). Let q = -199 + y. What is the greatest common divisor of q and 12?
12
Suppose 66 = -2*r + 4*r. Let x be 9/15*(r + 2). What is the highest common divisor of 14 and x?
7
Let i be (-147)/(-8) - (-60)/(-160). Calculate the highest common factor of i and 3.
3
Suppose 0 = 5*l - 5*x - 115, x = -0*x. Calculate the greatest common divisor of 23 and l.
23
Suppose -3*n - 32 = 5*k, -4*n + 8 = -5*k - n. Let u(s) = s**2 + 4*s + 4. Let o be u(k). Let w be o/3*39/2. Calculate the greatest common factor of 65 and w.
13
Let w = 14 + -32. Let x = w - -13. Let m be 2/x + (-202)/(-5). Calculate the highest common divisor of 10 and m.
10
Let h = -25 + 35. Let j(o) = 2*o - 2. Let z be j(h). What is the highest common divisor of z and 12?
6
Let c be ((-7)/(-21))/(2/570). Calculate the highest common factor of c and 38.
19
Let c be -174 - (-6 + 1 + 2). Let j = c + 269. What is the greatest common divisor of 14 and j?
14
Let r(w) = 4*w**2 + 3*w - 2. Let i be r(1). Let c(k) = 3*k**2 + 7*k + 5. Let a be c(-4). What is the highest common divisor of a and i?
5
Let p = 7 + -5. Suppose -4*i - 2*g + 49 = g, -3*i + 36 = p*g. Suppose 22 = 4*q - i. Calculate the highest common divisor of q and 72.
8
Let c be 2*(-1)/(1/(-2)). Suppose -51 = -5*v + c. Suppose n = -s - 2*s + v, 2*s + n = 9. What is the greatest common factor of s and 2?
2
Suppose 2*c = c - 14. Let p be 13 + c + 34/2. Let s be 2/(-8) - (-9)/4. Calculate the greatest common divisor of p and s.
2
Let k(s) = -s**2 - 7*s - 9. Let u be k(-4). What is the highest common factor of 21 and u?
3
Let p(x) = 5*x + 5. Let f be p(11). Calculate the greatest common divisor of 12 and f.
12
Suppose 0*u + 4*u - 89 = 3*x, 3*u - 71 = -2*x. Suppose d = j - 22, 5*d - u = -8. What is the greatest common factor of 25 and j?
25
Let n(z) = -17*z - 52. Let x be n(-6). What is the highest common divisor of 20 and x?
10
Let c = 76 - 42. Suppose -c - 16 = -x. Calculate the greatest common factor of x and 10.
10
Let q = 5 - 4. Suppose q = x - 9. What is the highest common factor of x and 90?
10
Suppose 0 = l - 0 + 2, -4*n - 2*l + 44 = 0. What is the highest common divisor of 4 and n?
4
Let g = -104 + 129. Calculate the greatest common divisor of g and 75.
25
Suppose 4*n - 3*n = 78. What is the greatest common factor of n and 52?
26
Let n = 2 - -9. What is the greatest common factor of 88 and n?
11
Let q be (-52)/(-8) + 4/(-8). What is the greatest common divisor of 24 and q?
6
Let f = 0 - -3. Let z(o) = 4*o + 2. Let h be z(f). Let w be (-3)/(-18) + 209/6. What is the greatest common factor of h and w?
7
Let f = -4 + 2. Let w be f*(-2)/((-12)/(-165)). What is the highest common factor of 11 and w?
11
Let q(h) = -h**3 + 12*h**2 - 13*h - 10. Let a be q(10). Suppose 0*z + a = 3*z. Let p be 2/(-5) - (-928)/z. Calculate the highest common factor of p and 23.
23
Let y be ((-352)/80)/((-4)/10). Calculate the highest common divisor of y and 77.
11
Let t(v) = 2*v + 48. Let r be t(9). What is the highest common divisor of 22 and r?
22
Let d be (2/(-2))/2*16. Let l be 6/d*(6 + -10). What is the highest common divisor of l and 27?
3
Let i be (-133)/(-3) - (-4)/6. Suppose -y = -r + 2*y + 30, 0 = -3*r + 5*y + 74. What is the highest common divisor of r and i?
9
Suppose 3 = -4*m - 5*x, -4*x = m - 3*m + 18. Let i be (48 - m)*14/5. Let h be (-42)/4*4/(-3). Calculate the g